{"id":1066,"date":"2019-03-11T07:59:45","date_gmt":"2019-03-11T07:59:45","guid":{"rendered":"http:\/\/gelbschen.de\/?page_id=1066"},"modified":"2019-03-11T08:11:20","modified_gmt":"2019-03-11T08:11:20","slug":"datenschutzerklaerung-2","status":"publish","type":"page","link":"https:\/\/gelbschen.de\/?page_id=1066","title":{"rendered":"Datenschutzerkl\u00e4rung"},"content":{"rendered":"\r\n<h2 class=\"wp-block-heading\">Wer wir sind<\/h2>\r\n\r\n\r\n\r\n<p>Die Adresse unserer Website ist: http:\/\/gelbschen.de.<\/p>\r\n\r\n\r\n\r\n<h2 class=\"wp-block-heading\">Welche personenbezogenen Daten wir sammeln und warum<\/h2>\r\n\r\n\r\n\r\n<h3 class=\"wp-block-heading\">Kommentare<\/h3>\r\n\r\n\r\n\r\n<p>Besucher <strong>m\u00fcssen<\/strong>\u00a0zum Kommentieren ihren\/einen Name sowie ihre\/eine g\u00fcltige E-Mail-Adresse hinterlassen. Dies kann ich auf Hinweis auch nachtr\u00e4glich anonymisieren.<\/p>\r\n<p>Bevor ein Kommentar erscheint, muss dieser manuell von mir genehmigt werden. Sollte der Wunsch nach einem anonymen Kommentar bestehen, so kann ich diesen durch einen entsprechenden Hinweis erf\u00fcllen.<\/p>\r\n<p>Avatare mit der Einstufung bis einschlie\u00dflich PG \u2013 entspricht dem deutschen FSK12 \u2013 werden angezeigt, aber nicht generiert.<\/p>\r\n\r\n\r\n\r\n<h3 class=\"wp-block-heading\">Medien<\/h3>\r\n\r\n\r\n\r\n<p>Wenn du ein registrierter Benutzer bist und Fotos auf diese Website l\u00e4dst, solltest du vermeiden, Fotos mit einem EXIF-GPS-Standort hochzuladen. Besucher dieser Website k\u00f6nnten Fotos, die auf dieser Website gespeichert sind, herunterladen und deren Standort-Informationen extrahieren.<\/p>\r\n\r\n\r\n\r\n<h2 class=\"wp-block-heading\">Kontakt-Informationen<\/h2>\r\n<h2>\r\n\r\n<\/h2>\r\n<p>kontakt[ aet ]gelbschen[punkt]de<\/p>\r\n\r\n\r\n\r\n<h3 class=\"wp-block-heading\">Cookies<\/h3>\r\n\r\n\r\n\r\n<p>Wenn du einen Kommentar auf unserer Website schreibst, kann das eine Einwilligung sein, deinen Namen, E-Mail-Adresse und Website in Cookies zu speichern. Dies ist eine Komfortfunktion, damit du nicht, wenn du einen weiteren Kommentar schreibst, all diese Daten erneut eingeben musst. Diese Cookies werden ein Jahr lang gespeichert.<\/p>\r\n\r\n\r\n\r\n<p>Falls du ein Konto hast und dich auf dieser Website anmeldest, werden wir ein tempor\u00e4res Cookie setzen, um festzustellen, ob dein Browser Cookies akzeptiert. Dieses Cookie enth\u00e4lt keine personenbezogenen Daten und wird verworfen, wenn du deinen Browser schlie\u00dft.<\/p>\r\n\r\n\r\n\r\n<p>Wenn du dich anmeldest, werden wir einige Cookies einrichten, um deine Anmeldeinformationen und Anzeigeoptionen zu speichern. Anmelde-Cookies verfallen nach zwei Tagen und Cookies f\u00fcr die Anzeigeoptionen nach einem Jahr. Falls du bei der Anmeldung \u201eAngemeldet bleiben\u201c ausw\u00e4hlst, wird deine Anmeldung zwei Wochen lang aufrechterhalten. Mit der Abmeldung aus deinem Konto werden die Anmelde-Cookies gel\u00f6scht.<\/p>\r\n\r\n\r\n\r\n<p>Wenn du einen Artikel bearbeitest oder ver\u00f6ffentlichst, wird ein zus\u00e4tzlicher Cookie in deinem Browser gespeichert. Dieser Cookie enth\u00e4lt keine personenbezogenen Daten und verweist nur auf die Beitrags-ID des Artikels, den du gerade bearbeitet hast. Der Cookie verf\u00e4llt nach einem Tag.<\/p>\r\n\r\n\r\n\r\n<h3 class=\"wp-block-heading\">Eingebettete Inhalte von anderen Websites<\/h3>\r\n\r\n\r\n\r\n<p>Beitr\u00e4ge auf dieser Website k\u00f6nnen eingebettete Inhalte beinhalten (z.\u00a0B. Videos, Bilder, Beitr\u00e4ge etc.). Eingebettete Inhalte von anderen Websites verhalten sich exakt so, als ob der Besucher die andere Website besucht h\u00e4tte.<\/p>\r\n\r\n\r\n\r\n<p>Diese Websites k\u00f6nnen Daten \u00fcber dich sammeln, Cookies benutzen, zus\u00e4tzliche Tracking-Dienste von Dritten einbetten und deine Interaktion mit diesem eingebetteten Inhalt aufzeichnen, inklusive deiner Interaktion mit dem eingebetteten Inhalt, falls du ein Konto hast und auf dieser Website angemeldet bist.<\/p>\r\n\r\n\r\n\r\n\r\n\r\n<h2 class=\"wp-block-heading\">Mit wem wir deine Daten teilen<\/h2>\r\n<p><strong>In diesem Blog verwende ich<\/strong><br \/>\u2013<strong>kein<\/strong>\u00a0Google Analytics, WordPress.com Stats<br \/>\u2013<strong>kein<\/strong>\u00a0Facebook Connect &amp; Like Button, da dies rechtswidrig ist.<br \/>\u2013<strong>kein<\/strong>\u00a0Shareaholic<br \/>\u2013<strong>kein<\/strong>\u00a0Social Locker<br \/>\u2013<strong>kein<\/strong>\u00a0Amazon Associates Link Builder<br \/>-Des weiteren ist die Suchmaschinenindizierung ausgeschlossen<\/p>\r\n\r\n\r\n\r\n<h2 class=\"wp-block-heading\">Wie lange wir deine Daten speichern<\/h2>\r\n\r\n\r\n\r\n<p>Wenn du einen Kommentar schreibst, wird dieser inklusive Metadaten zeitlich unbegrenzt gespeichert. Auf diese Art k\u00f6nnen wir Folgekommentare automatisch erkennen und freigeben, anstelle sie in einer Moderations-Warteschlange festzuhalten.<\/p>\r\n\r\n\r\n\r\n<p>F\u00fcr Benutzer, die sich auf unserer Website registrieren, speichern wir zus\u00e4tzlich die pers\u00f6nlichen Informationen, die sie in ihren Benutzerprofilen angeben. Administratoren der Website k\u00f6nnen diese Informationen einsehen und auf Wunsch ver\u00e4ndern.<\/p>\r\n\r\n\r\n\r\n<h2 class=\"wp-block-heading\">Welche Rechte du an deinen Daten hast<\/h2>\r\n\r\n\r\n\r\n<p>Wenn du ein Konto auf dieser Website besitzt oder Kommentare geschrieben hast, kannst du die L\u00f6schung aller personenbezogenen Daten, die wir von dir gespeichert haben, anfordern. Dies umfasst nicht die Daten, die wir aufgrund administrativer, rechtlicher oder sicherheitsrelevanter Notwendigkeiten aufbewahren m\u00fcssen.<\/p>\r\n\r\n\r\n\r\n<h2 class=\"wp-block-heading\">Wohin wir deine Daten senden<\/h2>\r\n\r\n\r\n\r\n<p>Wir verwenden<strong> Antispam Bee<\/strong>\u00a0als Schutz gegen Spam. Antispam Bee ist in der Lage das Herkunftsland eines Kommentars anhand der verwendeten IP-Adresse zu identifizieren. Zur Ermittlung des geografischen Standortes sendet Antispam Bee die anonymisierte, also gek\u00fcrzte IP-Adresse des Kommentators an die API des Online-Dienstes IP2Country. Anderweitige Daten des Kommentators oder des verwendeten WordPress-Systems sind kein Bestandteil der \u00dcbertragung.<br \/>Es wird keine \u00f6ffentliche Spamdatenbank ber\u00fccksichtigt. Die Existenz eines g\u00fcltigen Gravatars wird nicht gepr\u00fcft, da Gravatare deaktiviert sind. Die Optionen \u201e\u00d6ffentliche Spamdatenbank ber\u00fccksichtigen\u201c sowie \u201eKommentare nur in einer bestimmten Sprache zulassen\u201c sind deaktiviert und \u00fcbermitteln so keine Daten an Dritte. Gesperrte L\u00e4nderkennungen sind LT, LV, RU, UA, EE sowie BY.<\/p>\r\n<p><strong>Weiterhin verwenden wir:<\/strong><\/p>\r\n<p><strong>Statify<\/strong>. Ein PlugIn f\u00fcr die unkomplizierte und kompakte \u00dcbersicht \u00fcber die Anzahl der Seitenaufrufe. Es ist konform zu deutschem Datenschutzrecht, da es weder Cookies noch einen Drittanbieter nutzt. Die Daten werden nur f\u00fcr einen begrenzten Zeitraum (7 Tage) gespeichert. Danach werden sie automatisch gel\u00f6scht.<\/p>\r\n<p><strong>Statify Blacklist<\/strong>. Dieses Widget erweitert das Statify Plugin um eine konfigurierbare Blacklist. Statify speichert\u00a0<strong>keine (!)<\/strong>\u00a0personenbezogenen Daten, wie auch IP Adressen in der Datenbank. Daher kann die IP Blacklist nur w\u00e4hrend des Seitenaufbaus angewendet werden, nicht nachtr\u00e4glich.<\/p>\r\n<p><strong>Statify Widget: Beliebte Inhalte<\/strong>. Ein Widget f\u00fcr popul\u00e4re Seiten, Artikel und andere Inhaltstypen auf der Grundlage des datenschutzkonformen Statistik Plugin Statify von Sergej M\u00fcller.<\/p>\r\n<p><strong>Remove IP<\/strong>, welches verhindert, dass IP-Adresse beim Kommentieren in der WordPress-Datenbank gespeichert werden.<\/p>\r\n<p><strong>Remove Google Fonts References<\/strong>, welches Google Fonts aus dem Quellcode entfernt.<\/p>\r\n\r\n\r\n\r\n<h2 class=\"wp-block-heading\">Deine Kontakt-Informationen<\/h2>\r\n<h2>\r\n\r\n<\/h2>\r\n<p>kontakt[ aet ]gelbschen[punkt]de<\/p>\r\n\r\n\r\n\r\n\r\n\r\n<h3 class=\"wp-block-heading\">\u00a0<\/h3>\r\n","protected":false},"excerpt":{"rendered":"<p>Wer wir sind Die Adresse unserer Website ist: http:\/\/gelbschen.de. Welche personenbezogenen Daten wir sammeln und warum Kommentare Besucher m\u00fcssen\u00a0zum Kommentieren ihren\/einen Name sowie ihre\/eine g\u00fcltige E-Mail-Adresse hinterlassen. Dies kann ich auf Hinweis auch nachtr\u00e4glich anonymisieren. Bevor ein Kommentar erscheint, muss dieser manuell von mir genehmigt werden. Sollte der Wunsch nach einem anonymen Kommentar bestehen, so kann ich diesen durch einen&#8230; <a href=\"https:\/\/gelbschen.de\/?page_id=1066\">Read more &raquo;<\/a><\/p>\n","protected":false},"author":2,"featured_media":0,"parent":0,"menu_order":0,"comment_status":"closed","ping_status":"closed","template":"","meta":{"footnotes":""},"class_list":["post-1066","page","type-page","status-publish","hentry"],"_links":{"self":[{"href":"https:\/\/gelbschen.de\/index.php?rest_route=\/wp\/v2\/pages\/1066"}],"collection":[{"href":"https:\/\/gelbschen.de\/index.php?rest_route=\/wp\/v2\/pages"}],"about":[{"href":"https:\/\/gelbschen.de\/index.php?rest_route=\/wp\/v2\/types\/page"}],"author":[{"embeddable":true,"href":"https:\/\/gelbschen.de\/index.php?rest_route=\/wp\/v2\/users\/2"}],"replies":[{"embeddable":true,"href":"https:\/\/gelbschen.de\/index.php?rest_route=%2Fwp%2Fv2%2Fcomments&post=1066"}],"version-history":[{"count":3,"href":"https:\/\/gelbschen.de\/index.php?rest_route=\/wp\/v2\/pages\/1066\/revisions"}],"predecessor-version":[{"id":1068,"href":"https:\/\/gelbschen.de\/index.php?rest_route=\/wp\/v2\/pages\/1066\/revisions\/1068"}],"wp:attachment":[{"href":"https:\/\/gelbschen.de\/index.php?rest_route=%2Fwp%2Fv2%2Fmedia&parent=1066"}],"curies":[{"name":"wp","href":"https:\/\/api.w.org\/{rel}","templated":true}]}}